{"id":92,"date":"2017-03-08T14:52:43","date_gmt":"2017-03-08T13:52:43","guid":{"rendered":"http:\/\/legentlecat.fr\/comptoir-a-thes\/?post_type=product&#038;p=92"},"modified":"2023-12-02T21:06:38","modified_gmt":"2023-12-02T20:06:38","slug":"boule-a-the","status":"publish","type":"product","link":"https:\/\/legentlecat.fr\/shop\/index.php\/produit\/boule-a-the\/","title":{"rendered":"Boule \u00e0 th\u00e9"},"content":{"rendered":"","protected":false},"excerpt":{"rendered":"<p style=\"text-align: justify;\">Cette boule \u00e0 th\u00e9 vous permettra d&rsquo;infuser vos th\u00e9s, dans une tasse ou dans une carafe. Elle est en acier \u00ab\u00a0inoxydable\u00a0\u00bb. N\u00e9anmoins, notre grand usage de ce produit nous a permis de pouvoir dire qu&rsquo;au bout d&rsquo;une centaine d&rsquo;infusion, m\u00eame bien entretenu, le tamis de cette boule finit par s&rsquo;oxyder.<\/p>\n<p style=\"text-align: justify;\">C&rsquo;est une solution durable pour infuser votre th\u00e9, mais nous vous conseillons de d\u00e9couvrir les sacs \u00e0 usage unique (<a href=\"http:\/\/legentlecat.fr\/shop\/index.php\/produit\/sac-de-the-individuel\/\">voir l&rsquo;article<\/a>)<\/p>\n","protected":false},"featured_media":2400,"template":"","meta":{"jetpack_post_was_ever_published":false,"jetpack_publicize_message":"","jetpack_publicize_feature_enabled":true,"jetpack_social_post_already_shared":false,"jetpack_social_options":{"image_generator_settings":{"template":"highway","default_image_id":0,"font":"","enabled":false},"version":2}},"product_brand":[],"product_cat":[39],"product_tag":[8,191],"class_list":{"0":"post-92","1":"product","2":"type-product","3":"status-publish","4":"has-post-thumbnail","6":"product_cat-infuser","7":"product_tag-accessoire","8":"product_tag-infuser-son-the","10":"first","11":"instock","12":"taxable","13":"shipping-taxable","14":"purchasable","15":"product-type-simple"},"yoast_head":"<!-- This site is optimized with the Yoast SEO plugin v27.4 - https:\/\/yoast.com\/product\/yoast-seo-wordpress\/ -->\n<title>Boule \u00e0 th\u00e9 - Le GentleCat - Teashop<\/title>\n<meta name=\"robots\" content=\"index, follow, max-snippet:-1, max-image-preview:large, max-video-preview:-1\" \/>\n<link rel=\"canonical\" href=\"https:\/\/legentlecat.fr\/shop\/index.php\/produit\/boule-a-the\/\" \/>\n<meta property=\"og:locale\" content=\"fr_FR\" \/>\n<meta property=\"og:type\" content=\"article\" \/>\n<meta property=\"og:title\" content=\"Boule \u00e0 th\u00e9 - Le GentleCat - Teashop\" \/>\n<meta property=\"og:description\" content=\"Cette boule \u00e0 th\u00e9 vous permettra d&#039;infuser vos th\u00e9s, dans une tasse ou dans une carafe. Elle est en acier &quot;inoxydable&quot;. N\u00e9anmoins, notre grand usage de ce produit nous a permis de pouvoir dire qu&#039;au bout d&#039;une centaine d&#039;infusion, m\u00eame bien entretenu, le tamis de cette boule finit par s&#039;oxyder. C&#039;est une solution durable pour infuser votre th\u00e9, mais nous vous conseillons de d\u00e9couvrir les sacs \u00e0 usage unique (voir l&#039;article)\" \/>\n<meta property=\"og:url\" content=\"https:\/\/legentlecat.fr\/shop\/index.php\/produit\/boule-a-the\/\" \/>\n<meta property=\"og:site_name\" content=\"Le GentleCat - Teashop\" \/>\n<meta property=\"article:modified_time\" content=\"2023-12-02T20:06:38+00:00\" \/>\n<meta property=\"og:image\" content=\"https:\/\/i0.wp.com\/legentlecat.fr\/shop\/wp-content\/uploads\/2017\/03\/boule-the.png?fit=1500%2C1875&ssl=1\" \/>\n\t<meta property=\"og:image:width\" content=\"1500\" \/>\n\t<meta property=\"og:image:height\" content=\"1875\" \/>\n\t<meta property=\"og:image:type\" content=\"image\/png\" \/>\n<meta name=\"twitter:card\" content=\"summary_large_image\" \/>\n<script type=\"application\/ld+json\" class=\"yoast-schema-graph\">{\"@context\":\"https:\\\/\\\/schema.org\",\"@graph\":[{\"@type\":\"WebPage\",\"@id\":\"https:\\\/\\\/legentlecat.fr\\\/shop\\\/index.php\\\/produit\\\/boule-a-the\\\/\",\"url\":\"https:\\\/\\\/legentlecat.fr\\\/shop\\\/index.php\\\/produit\\\/boule-a-the\\\/\",\"name\":\"Boule \u00e0 th\u00e9 - Le GentleCat - Teashop\",\"isPartOf\":{\"@id\":\"https:\\\/\\\/legentlecat.fr\\\/shop\\\/#website\"},\"primaryImageOfPage\":{\"@id\":\"https:\\\/\\\/legentlecat.fr\\\/shop\\\/index.php\\\/produit\\\/boule-a-the\\\/#primaryimage\"},\"image\":{\"@id\":\"https:\\\/\\\/legentlecat.fr\\\/shop\\\/index.php\\\/produit\\\/boule-a-the\\\/#primaryimage\"},\"thumbnailUrl\":\"https:\\\/\\\/i0.wp.com\\\/legentlecat.fr\\\/shop\\\/wp-content\\\/uploads\\\/2017\\\/03\\\/boule-the.png?fit=1500%2C1875&ssl=1\",\"datePublished\":\"2017-03-08T13:52:43+00:00\",\"dateModified\":\"2023-12-02T20:06:38+00:00\",\"breadcrumb\":{\"@id\":\"https:\\\/\\\/legentlecat.fr\\\/shop\\\/index.php\\\/produit\\\/boule-a-the\\\/#breadcrumb\"},\"inLanguage\":\"fr-FR\",\"potentialAction\":[{\"@type\":\"ReadAction\",\"target\":[\"https:\\\/\\\/legentlecat.fr\\\/shop\\\/index.php\\\/produit\\\/boule-a-the\\\/\"]}]},{\"@type\":\"ImageObject\",\"inLanguage\":\"fr-FR\",\"@id\":\"https:\\\/\\\/legentlecat.fr\\\/shop\\\/index.php\\\/produit\\\/boule-a-the\\\/#primaryimage\",\"url\":\"https:\\\/\\\/i0.wp.com\\\/legentlecat.fr\\\/shop\\\/wp-content\\\/uploads\\\/2017\\\/03\\\/boule-the.png?fit=1500%2C1875&ssl=1\",\"contentUrl\":\"https:\\\/\\\/i0.wp.com\\\/legentlecat.fr\\\/shop\\\/wp-content\\\/uploads\\\/2017\\\/03\\\/boule-the.png?fit=1500%2C1875&ssl=1\",\"width\":1500,\"height\":1875},{\"@type\":\"BreadcrumbList\",\"@id\":\"https:\\\/\\\/legentlecat.fr\\\/shop\\\/index.php\\\/produit\\\/boule-a-the\\\/#breadcrumb\",\"itemListElement\":[{\"@type\":\"ListItem\",\"position\":1,\"name\":\"Accueil\",\"item\":\"https:\\\/\\\/legentlecat.fr\\\/shop\\\/\"},{\"@type\":\"ListItem\",\"position\":2,\"name\":\"Shop\",\"item\":\"https:\\\/\\\/legentlecat.fr\\\/shop\\\/index.php\\\/shop\\\/\"},{\"@type\":\"ListItem\",\"position\":3,\"name\":\"Boule \u00e0 th\u00e9\"}]},{\"@type\":\"WebSite\",\"@id\":\"https:\\\/\\\/legentlecat.fr\\\/shop\\\/#website\",\"url\":\"https:\\\/\\\/legentlecat.fr\\\/shop\\\/\",\"name\":\"Le GentleCat - Teashop\",\"description\":\"La boutique de th\u00e9 en ligne\",\"potentialAction\":[{\"@type\":\"SearchAction\",\"target\":{\"@type\":\"EntryPoint\",\"urlTemplate\":\"https:\\\/\\\/legentlecat.fr\\\/shop\\\/?s={search_term_string}\"},\"query-input\":{\"@type\":\"PropertyValueSpecification\",\"valueRequired\":true,\"valueName\":\"search_term_string\"}}],\"inLanguage\":\"fr-FR\"}]}<\/script>\n<!-- \/ Yoast SEO plugin. -->","yoast_head_json":{"title":"Boule \u00e0 th\u00e9 - Le GentleCat - Teashop","robots":{"index":"index","follow":"follow","max-snippet":"max-snippet:-1","max-image-preview":"max-image-preview:large","max-video-preview":"max-video-preview:-1"},"canonical":"https:\/\/legentlecat.fr\/shop\/index.php\/produit\/boule-a-the\/","og_locale":"fr_FR","og_type":"article","og_title":"Boule \u00e0 th\u00e9 - Le GentleCat - Teashop","og_description":"Cette boule \u00e0 th\u00e9 vous permettra d'infuser vos th\u00e9s, dans une tasse ou dans une carafe. Elle est en acier \"inoxydable\". N\u00e9anmoins, notre grand usage de ce produit nous a permis de pouvoir dire qu'au bout d'une centaine d'infusion, m\u00eame bien entretenu, le tamis de cette boule finit par s'oxyder. C'est une solution durable pour infuser votre th\u00e9, mais nous vous conseillons de d\u00e9couvrir les sacs \u00e0 usage unique (voir l'article)","og_url":"https:\/\/legentlecat.fr\/shop\/index.php\/produit\/boule-a-the\/","og_site_name":"Le GentleCat - Teashop","article_modified_time":"2023-12-02T20:06:38+00:00","og_image":[{"width":1500,"height":1875,"url":"https:\/\/i0.wp.com\/legentlecat.fr\/shop\/wp-content\/uploads\/2017\/03\/boule-the.png?fit=1500%2C1875&ssl=1","type":"image\/png"}],"twitter_card":"summary_large_image","schema":{"@context":"https:\/\/schema.org","@graph":[{"@type":"WebPage","@id":"https:\/\/legentlecat.fr\/shop\/index.php\/produit\/boule-a-the\/","url":"https:\/\/legentlecat.fr\/shop\/index.php\/produit\/boule-a-the\/","name":"Boule \u00e0 th\u00e9 - Le GentleCat - Teashop","isPartOf":{"@id":"https:\/\/legentlecat.fr\/shop\/#website"},"primaryImageOfPage":{"@id":"https:\/\/legentlecat.fr\/shop\/index.php\/produit\/boule-a-the\/#primaryimage"},"image":{"@id":"https:\/\/legentlecat.fr\/shop\/index.php\/produit\/boule-a-the\/#primaryimage"},"thumbnailUrl":"https:\/\/i0.wp.com\/legentlecat.fr\/shop\/wp-content\/uploads\/2017\/03\/boule-the.png?fit=1500%2C1875&ssl=1","datePublished":"2017-03-08T13:52:43+00:00","dateModified":"2023-12-02T20:06:38+00:00","breadcrumb":{"@id":"https:\/\/legentlecat.fr\/shop\/index.php\/produit\/boule-a-the\/#breadcrumb"},"inLanguage":"fr-FR","potentialAction":[{"@type":"ReadAction","target":["https:\/\/legentlecat.fr\/shop\/index.php\/produit\/boule-a-the\/"]}]},{"@type":"ImageObject","inLanguage":"fr-FR","@id":"https:\/\/legentlecat.fr\/shop\/index.php\/produit\/boule-a-the\/#primaryimage","url":"https:\/\/i0.wp.com\/legentlecat.fr\/shop\/wp-content\/uploads\/2017\/03\/boule-the.png?fit=1500%2C1875&ssl=1","contentUrl":"https:\/\/i0.wp.com\/legentlecat.fr\/shop\/wp-content\/uploads\/2017\/03\/boule-the.png?fit=1500%2C1875&ssl=1","width":1500,"height":1875},{"@type":"BreadcrumbList","@id":"https:\/\/legentlecat.fr\/shop\/index.php\/produit\/boule-a-the\/#breadcrumb","itemListElement":[{"@type":"ListItem","position":1,"name":"Accueil","item":"https:\/\/legentlecat.fr\/shop\/"},{"@type":"ListItem","position":2,"name":"Shop","item":"https:\/\/legentlecat.fr\/shop\/index.php\/shop\/"},{"@type":"ListItem","position":3,"name":"Boule \u00e0 th\u00e9"}]},{"@type":"WebSite","@id":"https:\/\/legentlecat.fr\/shop\/#website","url":"https:\/\/legentlecat.fr\/shop\/","name":"Le GentleCat - Teashop","description":"La boutique de th\u00e9 en ligne","potentialAction":[{"@type":"SearchAction","target":{"@type":"EntryPoint","urlTemplate":"https:\/\/legentlecat.fr\/shop\/?s={search_term_string}"},"query-input":{"@type":"PropertyValueSpecification","valueRequired":true,"valueName":"search_term_string"}}],"inLanguage":"fr-FR"}]}},"jetpack_publicize_connections":[],"jetpack_sharing_enabled":true,"jetpack-related-posts":[{"id":108,"url":"https:\/\/legentlecat.fr\/shop\/index.php\/produit\/sac-de-the-individuel\/","url_meta":{"origin":92,"position":0},"title":"Sac de th\u00e9 individuel (x100)","author":"Jimmy RIOT","date":"8 mars 2017","format":false,"excerpt":"Ce petit sac de coton vous permet d'infuser votre th\u00e9 dans l'eau chaude ou froide. Il se referme sur lui m\u00eame comme une taie d'oreiller (ce qui \u00e9vite qu'il se d\u00e9chire comme certains sacs \u00e0 cordon). Tr\u00e8s simple d'utilisation, il pr\u00e9sente quelques avantages par rapport \u00e0 une boule de th\u00e9\u2026","rel":"","context":"Article similaire","block_context":{"text":"Article similaire","link":""},"img":{"alt_text":"","src":"https:\/\/i0.wp.com\/legentlecat.fr\/shop\/wp-content\/uploads\/2017\/03\/sac-th%C3%A9-mono.png?fit=960%2C1200&ssl=1&resize=350%2C200","width":350,"height":200,"srcset":"https:\/\/i0.wp.com\/legentlecat.fr\/shop\/wp-content\/uploads\/2017\/03\/sac-th%C3%A9-mono.png?fit=960%2C1200&ssl=1&resize=350%2C200 1x, https:\/\/i0.wp.com\/legentlecat.fr\/shop\/wp-content\/uploads\/2017\/03\/sac-th%C3%A9-mono.png?fit=960%2C1200&ssl=1&resize=525%2C300 1.5x, https:\/\/i0.wp.com\/legentlecat.fr\/shop\/wp-content\/uploads\/2017\/03\/sac-th%C3%A9-mono.png?fit=960%2C1200&ssl=1&resize=700%2C400 2x"},"classes":[]},{"id":1699,"url":"https:\/\/legentlecat.fr\/shop\/index.php\/produit\/pu-erh-mini-tuo-chat\/","url_meta":{"origin":92,"position":1},"title":"Pu Erh Mini Tuo Cha","author":"Jimmy RIOT","date":"20 mars 2017","format":false,"excerpt":"Sac herm\u00e9tique de 100 g\u00a0-\u00a0Le Pu Erh Mini Tuo Chat est un bloc de th\u00e9 ferment\u00e9 en forme de nid d'oiseau emball\u00e9 dans une feuille de riz. Il est extr\u00eamement pratique \u00e0 transporter, \u00e0 doser et \u00e0 stocker. Sa consommation exige une premi\u00e8re infusion dite \"infusion de rin\u00e7age\", dans de\u2026","rel":"","context":"Article similaire","block_context":{"text":"Article similaire","link":""},"img":{"alt_text":"","src":"https:\/\/i0.wp.com\/legentlecat.fr\/shop\/wp-content\/uploads\/2017\/03\/Pic-pu-erh-mini-t-c.png?fit=960%2C1200&ssl=1&resize=350%2C200","width":350,"height":200,"srcset":"https:\/\/i0.wp.com\/legentlecat.fr\/shop\/wp-content\/uploads\/2017\/03\/Pic-pu-erh-mini-t-c.png?fit=960%2C1200&ssl=1&resize=350%2C200 1x, https:\/\/i0.wp.com\/legentlecat.fr\/shop\/wp-content\/uploads\/2017\/03\/Pic-pu-erh-mini-t-c.png?fit=960%2C1200&ssl=1&resize=525%2C300 1.5x, https:\/\/i0.wp.com\/legentlecat.fr\/shop\/wp-content\/uploads\/2017\/03\/Pic-pu-erh-mini-t-c.png?fit=960%2C1200&ssl=1&resize=700%2C400 2x"},"classes":[]}],"_links":{"self":[{"href":"https:\/\/legentlecat.fr\/shop\/index.php\/wp-json\/wp\/v2\/product\/92","targetHints":{"allow":["GET"]}}],"collection":[{"href":"https:\/\/legentlecat.fr\/shop\/index.php\/wp-json\/wp\/v2\/product"}],"about":[{"href":"https:\/\/legentlecat.fr\/shop\/index.php\/wp-json\/wp\/v2\/types\/product"}],"wp:featuredmedia":[{"embeddable":true,"href":"https:\/\/legentlecat.fr\/shop\/index.php\/wp-json\/wp\/v2\/media\/2400"}],"wp:attachment":[{"href":"https:\/\/legentlecat.fr\/shop\/index.php\/wp-json\/wp\/v2\/media?parent=92"}],"wp:term":[{"taxonomy":"product_brand","embeddable":true,"href":"https:\/\/legentlecat.fr\/shop\/index.php\/wp-json\/wp\/v2\/product_brand?post=92"},{"taxonomy":"product_cat","embeddable":true,"href":"https:\/\/legentlecat.fr\/shop\/index.php\/wp-json\/wp\/v2\/product_cat?post=92"},{"taxonomy":"product_tag","embeddable":true,"href":"https:\/\/legentlecat.fr\/shop\/index.php\/wp-json\/wp\/v2\/product_tag?post=92"}],"curies":[{"name":"wp","href":"https:\/\/api.w.org\/{rel}","templated":true}]}}