{"id":8556,"date":"2025-12-25T22:17:01","date_gmt":"2025-12-25T21:17:01","guid":{"rendered":"https:\/\/legentlecat.fr\/shop\/?post_type=product&#038;p=8556"},"modified":"2026-02-04T17:37:40","modified_gmt":"2026-02-04T16:37:40","slug":"calendrier-2026","status":"publish","type":"product","link":"https:\/\/legentlecat.fr\/shop\/index.php\/produit\/calendrier-2026\/","title":{"rendered":"Calendrier 2026"},"content":{"rendered":"<div class=\"wpb-content-wrapper\"><p>[vc_row][vc_column][vc_column_text css=\u00a0\u00bb\u00a0\u00bb]<\/p>\n<h3 style=\"text-align: left;\" data-start=\"1239\" data-end=\"1284\">Le calendrier du GentleCat \u2013 \u00c9dition 2026<\/h3>\n<p style=\"text-align: left;\" data-start=\"1286\" data-end=\"1408\">Chaque ann\u00e9e, vous \u00eates nombreux \u00e0 nous demander le calendrier du GentleCat.<br data-start=\"1362\" data-end=\"1365\" \/>Cette fois, il a pris un peu plus de temps, presque trop, on sait.<\/p>\n<p style=\"text-align: left;\" data-start=\"1410\" data-end=\"1529\">Pas parce qu\u2019on ne voulait pas le faire.<br data-start=\"1450\" data-end=\"1453\" \/>Simplement parce que certaines ann\u00e9es demandent plus d\u2019\u00e9nergie que d\u2019autres.<\/p>\n<p style=\"text-align: left;\" data-start=\"1531\" data-end=\"1780\">Le calendrier 2026 rassemble une derni\u00e8re fois cette petite familles de 11 r\u00e9sidents : les chats du GentleCat et leur copain lapin, ceux qui font partie de la vie du lieu, aujourd\u2019hui comme hier.<\/p>\n<p style=\"text-align: left;\" data-start=\"1782\" data-end=\"1990\">C\u2019est un calendrier simple, \u00e9pais, avec des petits instants de vie qu&rsquo;on a partag\u00e9 avec nos boules de poils, derri\u00e8re un objectif, avec parfois plein d&rsquo;amour, parfois plein de d\u00e9dain f\u00e9lin &#8211; un calendrier pens\u00e9 pour \u00eatre accroch\u00e9 toute l\u2019ann\u00e9e, qu\u2019on fait parce qu\u2019on aime nos chats, et parce qu\u2019on sait que certains d\u2019entre vous aiment les retrouver chez eux.<\/p>\n<p style=\"text-align: left;\" data-start=\"1992\" data-end=\"2076\">Il arrive un peu tard, oui.<br data-start=\"2019\" data-end=\"2022\" \/>Mais il est l\u00e0, pour celles et ceux qui l\u2019attendaient ou qui l&rsquo;ont attendu.<\/p>\n<h3 style=\"text-align: left;\" data-start=\"2078\" data-end=\"2100\">D\u00e9tails techniques<\/h3>\n<ul style=\"text-align: left;\" data-start=\"2101\" data-end=\"2335\">\n<li data-start=\"2101\" data-end=\"2131\">\n<p data-start=\"2103\" data-end=\"2131\">Format <strong data-start=\"2110\" data-end=\"2131\">A4 (21 \u00d7 29,7 cm)<\/strong><\/p>\n<\/li>\n<li data-start=\"2132\" data-end=\"2158\">\n<p data-start=\"2134\" data-end=\"2158\">Impression <strong data-start=\"2145\" data-end=\"2158\">en France<\/strong><\/p>\n<\/li>\n<li data-start=\"2159\" data-end=\"2207\">\n<p data-start=\"2161\" data-end=\"2207\">Papier <strong data-start=\"2168\" data-end=\"2181\">mat 250 g<\/strong>, avec dos cartonn\u00e9 rigide<\/p>\n<\/li>\n<\/ul>\n<p style=\"text-align: left;\" data-start=\"2337\" data-end=\"2477\">Disponible \u00e0 l\u2019unit\u00e9 ou en lot de 3.<br data-start=\"2373\" data-end=\"2376\" \/>Envoi postal possible (frais de port La Poste).<br data-start=\"2423\" data-end=\"2426\" \/>Frais de port offerts d\u00e8s 50 \u20ac d\u2019achat sur le site.<\/p>\n<p>[\/vc_column_text][\/vc_column][\/vc_row]<\/p>\n<\/div>","protected":false},"excerpt":{"rendered":"<p data-start=\"422\" data-end=\"456\"><strong data-start=\"422\" data-end=\"454\">Il arrive presque trop tard.<\/strong><\/p>\n<p data-start=\"463\" data-end=\"496\">Et pourtant, il devait exister.<\/p>\n<p data-start=\"503\" data-end=\"617\">Ce calendrier, ce sont les chats du GentleCat, ceux que vous connaissez, que vous avez crois\u00e9s, caress\u00e9s, aim\u00e9s.<\/p>\n<p data-start=\"624\" data-end=\"779\">Un dernier hommage, une ann\u00e9e encore avec cette tribu de 11 r\u00e9sidents, cette petite famille \u2014 pour celles et ceux qui ont envie de les garder un peu dans leur quotidien en 2026. Disponible d\u00e8s mi-janvier 2026 en retrait sur place ou par colis.<\/p>\n","protected":false},"featured_media":13248,"template":"","meta":{"jetpack_publicize_message":"","jetpack_publicize_feature_enabled":true,"jetpack_social_post_already_shared":true,"jetpack_social_options":{"image_generator_settings":{"template":"highway","default_image_id":0,"font":"","enabled":false},"version":2}},"product_brand":[],"product_cat":[36,52,40,206],"product_tag":[],"class_list":{"0":"post-8556","1":"product","2":"type-product","3":"status-publish","4":"has-post-thumbnail","6":"product_cat-fanshop","7":"product_cat-goodiescadeaux","8":"product_cat-consommer","9":"product_cat-roman","11":"first","12":"instock","13":"taxable","14":"shipping-taxable","15":"purchasable","16":"product-type-variable"},"yoast_head":"<!-- This site is optimized with the Yoast SEO plugin v27.6 - https:\/\/yoast.com\/product\/yoast-seo-wordpress\/ -->\n<title>Calendrier 2026 - Le GentleCat - Teashop<\/title>\n<meta name=\"robots\" content=\"index, follow, max-snippet:-1, max-image-preview:large, max-video-preview:-1\" \/>\n<link rel=\"canonical\" href=\"https:\/\/legentlecat.fr\/shop\/index.php\/produit\/calendrier-2026\/\" \/>\n<meta property=\"og:locale\" content=\"fr_FR\" \/>\n<meta property=\"og:type\" content=\"article\" \/>\n<meta property=\"og:title\" content=\"Calendrier 2026 - Le GentleCat - Teashop\" \/>\n<meta property=\"og:description\" content=\"Il arrive presque trop tard. Et pourtant, il devait exister. Ce calendrier, ce sont les chats du GentleCat, ceux que vous connaissez, que vous avez crois\u00e9s, caress\u00e9s, aim\u00e9s. Un dernier hommage, une ann\u00e9e encore avec cette tribu de 11 r\u00e9sidents, cette petite famille \u2014 pour celles et ceux qui ont envie de les garder un peu dans leur quotidien en 2026. Disponible d\u00e8s mi-janvier 2026 en retrait sur place ou par colis.\" \/>\n<meta property=\"og:url\" content=\"https:\/\/legentlecat.fr\/shop\/index.php\/produit\/calendrier-2026\/\" \/>\n<meta property=\"og:site_name\" content=\"Le GentleCat - Teashop\" \/>\n<meta property=\"article:modified_time\" content=\"2026-02-04T16:37:40+00:00\" \/>\n<meta property=\"og:image\" content=\"https:\/\/legentlecat.fr\/shop\/wp-content\/uploads\/2025\/12\/primebis.jpg\" \/>\n\t<meta property=\"og:image:width\" content=\"630\" \/>\n\t<meta property=\"og:image:height\" content=\"783\" \/>\n\t<meta property=\"og:image:type\" content=\"image\/jpeg\" \/>\n<meta name=\"twitter:card\" content=\"summary_large_image\" \/>\n<meta name=\"twitter:label1\" content=\"Dur\u00e9e de lecture estim\u00e9e\" \/>\n\t<meta name=\"twitter:data1\" content=\"2 minutes\" \/>\n<script type=\"application\/ld+json\" class=\"yoast-schema-graph\">{\"@context\":\"https:\\\/\\\/schema.org\",\"@graph\":[{\"@type\":\"WebPage\",\"@id\":\"https:\\\/\\\/legentlecat.fr\\\/shop\\\/index.php\\\/produit\\\/calendrier-2026\\\/\",\"url\":\"https:\\\/\\\/legentlecat.fr\\\/shop\\\/index.php\\\/produit\\\/calendrier-2026\\\/\",\"name\":\"Calendrier 2026 - Le GentleCat - Teashop\",\"isPartOf\":{\"@id\":\"https:\\\/\\\/legentlecat.fr\\\/shop\\\/#website\"},\"primaryImageOfPage\":{\"@id\":\"https:\\\/\\\/legentlecat.fr\\\/shop\\\/index.php\\\/produit\\\/calendrier-2026\\\/#primaryimage\"},\"image\":{\"@id\":\"https:\\\/\\\/legentlecat.fr\\\/shop\\\/index.php\\\/produit\\\/calendrier-2026\\\/#primaryimage\"},\"thumbnailUrl\":\"https:\\\/\\\/i0.wp.com\\\/legentlecat.fr\\\/shop\\\/wp-content\\\/uploads\\\/2025\\\/12\\\/primebis.jpg?fit=630%2C783&ssl=1\",\"datePublished\":\"2025-12-25T21:17:01+00:00\",\"dateModified\":\"2026-02-04T16:37:40+00:00\",\"breadcrumb\":{\"@id\":\"https:\\\/\\\/legentlecat.fr\\\/shop\\\/index.php\\\/produit\\\/calendrier-2026\\\/#breadcrumb\"},\"inLanguage\":\"fr-FR\",\"potentialAction\":[{\"@type\":\"ReadAction\",\"target\":[\"https:\\\/\\\/legentlecat.fr\\\/shop\\\/index.php\\\/produit\\\/calendrier-2026\\\/\"]}]},{\"@type\":\"ImageObject\",\"inLanguage\":\"fr-FR\",\"@id\":\"https:\\\/\\\/legentlecat.fr\\\/shop\\\/index.php\\\/produit\\\/calendrier-2026\\\/#primaryimage\",\"url\":\"https:\\\/\\\/i0.wp.com\\\/legentlecat.fr\\\/shop\\\/wp-content\\\/uploads\\\/2025\\\/12\\\/primebis.jpg?fit=630%2C783&ssl=1\",\"contentUrl\":\"https:\\\/\\\/i0.wp.com\\\/legentlecat.fr\\\/shop\\\/wp-content\\\/uploads\\\/2025\\\/12\\\/primebis.jpg?fit=630%2C783&ssl=1\",\"width\":630,\"height\":783},{\"@type\":\"BreadcrumbList\",\"@id\":\"https:\\\/\\\/legentlecat.fr\\\/shop\\\/index.php\\\/produit\\\/calendrier-2026\\\/#breadcrumb\",\"itemListElement\":[{\"@type\":\"ListItem\",\"position\":1,\"name\":\"Accueil\",\"item\":\"https:\\\/\\\/legentlecat.fr\\\/shop\\\/\"},{\"@type\":\"ListItem\",\"position\":2,\"name\":\"Shop\",\"item\":\"https:\\\/\\\/legentlecat.fr\\\/shop\\\/index.php\\\/shop\\\/\"},{\"@type\":\"ListItem\",\"position\":3,\"name\":\"Calendrier 2026\"}]},{\"@type\":\"WebSite\",\"@id\":\"https:\\\/\\\/legentlecat.fr\\\/shop\\\/#website\",\"url\":\"https:\\\/\\\/legentlecat.fr\\\/shop\\\/\",\"name\":\"Le GentleCat - Teashop\",\"description\":\"La boutique de th\u00e9 en ligne\",\"potentialAction\":[{\"@type\":\"SearchAction\",\"target\":{\"@type\":\"EntryPoint\",\"urlTemplate\":\"https:\\\/\\\/legentlecat.fr\\\/shop\\\/?s={search_term_string}\"},\"query-input\":{\"@type\":\"PropertyValueSpecification\",\"valueRequired\":true,\"valueName\":\"search_term_string\"}}],\"inLanguage\":\"fr-FR\"}]}<\/script>\n<!-- \/ Yoast SEO plugin. -->","yoast_head_json":{"title":"Calendrier 2026 - Le GentleCat - Teashop","robots":{"index":"index","follow":"follow","max-snippet":"max-snippet:-1","max-image-preview":"max-image-preview:large","max-video-preview":"max-video-preview:-1"},"canonical":"https:\/\/legentlecat.fr\/shop\/index.php\/produit\/calendrier-2026\/","og_locale":"fr_FR","og_type":"article","og_title":"Calendrier 2026 - Le GentleCat - Teashop","og_description":"Il arrive presque trop tard. Et pourtant, il devait exister. Ce calendrier, ce sont les chats du GentleCat, ceux que vous connaissez, que vous avez crois\u00e9s, caress\u00e9s, aim\u00e9s. Un dernier hommage, une ann\u00e9e encore avec cette tribu de 11 r\u00e9sidents, cette petite famille \u2014 pour celles et ceux qui ont envie de les garder un peu dans leur quotidien en 2026. Disponible d\u00e8s mi-janvier 2026 en retrait sur place ou par colis.","og_url":"https:\/\/legentlecat.fr\/shop\/index.php\/produit\/calendrier-2026\/","og_site_name":"Le GentleCat - Teashop","article_modified_time":"2026-02-04T16:37:40+00:00","og_image":[{"width":630,"height":783,"url":"https:\/\/legentlecat.fr\/shop\/wp-content\/uploads\/2025\/12\/primebis.jpg","type":"image\/jpeg"}],"twitter_card":"summary_large_image","twitter_misc":{"Dur\u00e9e de lecture estim\u00e9e":"2 minutes"},"schema":{"@context":"https:\/\/schema.org","@graph":[{"@type":"WebPage","@id":"https:\/\/legentlecat.fr\/shop\/index.php\/produit\/calendrier-2026\/","url":"https:\/\/legentlecat.fr\/shop\/index.php\/produit\/calendrier-2026\/","name":"Calendrier 2026 - Le GentleCat - Teashop","isPartOf":{"@id":"https:\/\/legentlecat.fr\/shop\/#website"},"primaryImageOfPage":{"@id":"https:\/\/legentlecat.fr\/shop\/index.php\/produit\/calendrier-2026\/#primaryimage"},"image":{"@id":"https:\/\/legentlecat.fr\/shop\/index.php\/produit\/calendrier-2026\/#primaryimage"},"thumbnailUrl":"https:\/\/i0.wp.com\/legentlecat.fr\/shop\/wp-content\/uploads\/2025\/12\/primebis.jpg?fit=630%2C783&ssl=1","datePublished":"2025-12-25T21:17:01+00:00","dateModified":"2026-02-04T16:37:40+00:00","breadcrumb":{"@id":"https:\/\/legentlecat.fr\/shop\/index.php\/produit\/calendrier-2026\/#breadcrumb"},"inLanguage":"fr-FR","potentialAction":[{"@type":"ReadAction","target":["https:\/\/legentlecat.fr\/shop\/index.php\/produit\/calendrier-2026\/"]}]},{"@type":"ImageObject","inLanguage":"fr-FR","@id":"https:\/\/legentlecat.fr\/shop\/index.php\/produit\/calendrier-2026\/#primaryimage","url":"https:\/\/i0.wp.com\/legentlecat.fr\/shop\/wp-content\/uploads\/2025\/12\/primebis.jpg?fit=630%2C783&ssl=1","contentUrl":"https:\/\/i0.wp.com\/legentlecat.fr\/shop\/wp-content\/uploads\/2025\/12\/primebis.jpg?fit=630%2C783&ssl=1","width":630,"height":783},{"@type":"BreadcrumbList","@id":"https:\/\/legentlecat.fr\/shop\/index.php\/produit\/calendrier-2026\/#breadcrumb","itemListElement":[{"@type":"ListItem","position":1,"name":"Accueil","item":"https:\/\/legentlecat.fr\/shop\/"},{"@type":"ListItem","position":2,"name":"Shop","item":"https:\/\/legentlecat.fr\/shop\/index.php\/shop\/"},{"@type":"ListItem","position":3,"name":"Calendrier 2026"}]},{"@type":"WebSite","@id":"https:\/\/legentlecat.fr\/shop\/#website","url":"https:\/\/legentlecat.fr\/shop\/","name":"Le GentleCat - Teashop","description":"La boutique de th\u00e9 en ligne","potentialAction":[{"@type":"SearchAction","target":{"@type":"EntryPoint","urlTemplate":"https:\/\/legentlecat.fr\/shop\/?s={search_term_string}"},"query-input":{"@type":"PropertyValueSpecification","valueRequired":true,"valueName":"search_term_string"}}],"inLanguage":"fr-FR"}]}},"jetpack_publicize_connections":[],"jetpack_sharing_enabled":true,"jetpack-related-posts":[{"id":8770,"url":"https:\/\/legentlecat.fr\/shop\/index.php\/produit\/tote-bag-le-gentlecat\/","url_meta":{"origin":8556,"position":0},"title":"Tote Bag Le GentleCat","author":"Jimmy RIOT","date":"18 novembre 2023","format":false,"excerpt":"A la recherche d'un sac discret pour embarquer un de nos chats en toute discr\u00e9tion lors de votre prochaine visite au GentleCat ? On a ce qu'il vous faut, et mieux encore, on a m\u00eame le choix du mod\u00e8le, le tout aux couleurs de notre \u00e9tablissement : noir, jaune ou\u2026","rel":"","context":"Article similaire","block_context":{"text":"Article similaire","link":""},"img":{"alt_text":"","src":"https:\/\/i0.wp.com\/legentlecat.fr\/shop\/wp-content\/uploads\/2023\/11\/ToteBagBlanc.jpg?fit=750%2C800&ssl=1&resize=350%2C200","width":350,"height":200,"srcset":"https:\/\/i0.wp.com\/legentlecat.fr\/shop\/wp-content\/uploads\/2023\/11\/ToteBagBlanc.jpg?fit=750%2C800&ssl=1&resize=350%2C200 1x, https:\/\/i0.wp.com\/legentlecat.fr\/shop\/wp-content\/uploads\/2023\/11\/ToteBagBlanc.jpg?fit=750%2C800&ssl=1&resize=525%2C300 1.5x, https:\/\/i0.wp.com\/legentlecat.fr\/shop\/wp-content\/uploads\/2023\/11\/ToteBagBlanc.jpg?fit=750%2C800&ssl=1&resize=700%2C400 2x"},"classes":[]},{"id":2881,"url":"https:\/\/legentlecat.fr\/shop\/index.php\/produit\/tribulations-dun-bar-a-chats-roman\/","url_meta":{"origin":8556,"position":1},"title":"Tribulations d&rsquo;un Bar \u00e0 Chats &#8211; Roman","author":"Jimmy RIOT","date":"24 septembre 2020","format":false,"excerpt":"Sous trois plumes au style bien diff\u00e9rent, Jimmy James signe ici son premier roman. C'est \u00e0 la fois un cri d\u2019amour aux nombreux visiteurs du GentleCat mais aussi un \u00ab au secours \u00bb poignant quand vient l\u2019arr\u00eat\u00e9 du 15 mars 2020 et l\u2019interdiction de recevoir du public. Jeanne la Persane\u2026","rel":"","context":"Article similaire","block_context":{"text":"Article similaire","link":""},"img":{"alt_text":"","src":"https:\/\/i0.wp.com\/legentlecat.fr\/shop\/wp-content\/uploads\/2020\/09\/R-OK-Situation.jpg?fit=902%2C1122&ssl=1&resize=350%2C200","width":350,"height":200,"srcset":"https:\/\/i0.wp.com\/legentlecat.fr\/shop\/wp-content\/uploads\/2020\/09\/R-OK-Situation.jpg?fit=902%2C1122&ssl=1&resize=350%2C200 1x, https:\/\/i0.wp.com\/legentlecat.fr\/shop\/wp-content\/uploads\/2020\/09\/R-OK-Situation.jpg?fit=902%2C1122&ssl=1&resize=525%2C300 1.5x, https:\/\/i0.wp.com\/legentlecat.fr\/shop\/wp-content\/uploads\/2020\/09\/R-OK-Situation.jpg?fit=902%2C1122&ssl=1&resize=700%2C400 2x"},"classes":[]},{"id":13791,"url":"https:\/\/legentlecat.fr\/shop\/index.php\/produit\/brunch-28-juin-2026\/","url_meta":{"origin":8556,"position":2},"title":"Brunch 28 juin 2026","author":"Jimmy RIOT","date":"1 mai 2026","format":false,"excerpt":"Un brunch qui nous ressemble : original, g\u00e9n\u00e9reux, p\u00e2tissier. Vous le composez librement, en 5 temps, autour d\u2019une cr\u00e9ation au four (toast p\u00e2tissier) parmi 3 choix. Un moment privil\u00e9gi\u00e9 en compagnie de nos r\u00e9sidents f\u00e9lins. Un acompte par personne est demand\u00e9 \u00e0 la r\u00e9servation afin de vous garantir une table\u2026","rel":"","context":"Article similaire","block_context":{"text":"Article similaire","link":""},"img":{"alt_text":"","src":"https:\/\/i0.wp.com\/legentlecat.fr\/shop\/wp-content\/uploads\/2025\/12\/pdt-brunch26-1.jpg?fit=630%2C783&ssl=1&resize=350%2C200","width":350,"height":200,"srcset":"https:\/\/i0.wp.com\/legentlecat.fr\/shop\/wp-content\/uploads\/2025\/12\/pdt-brunch26-1.jpg?fit=630%2C783&ssl=1&resize=350%2C200 1x, https:\/\/i0.wp.com\/legentlecat.fr\/shop\/wp-content\/uploads\/2025\/12\/pdt-brunch26-1.jpg?fit=630%2C783&ssl=1&resize=525%2C300 1.5x"},"classes":[]},{"id":13796,"url":"https:\/\/legentlecat.fr\/shop\/index.php\/produit\/brunch-05-juil-2026\/","url_meta":{"origin":8556,"position":3},"title":"Brunch 05 juil. 2026","author":"Jimmy RIOT","date":"1 mai 2026","format":false,"excerpt":"Un brunch qui nous ressemble : original, g\u00e9n\u00e9reux, p\u00e2tissier. Vous le composez librement, en 5 temps, autour d\u2019une cr\u00e9ation au four (toast p\u00e2tissier) parmi 3 choix. Un moment privil\u00e9gi\u00e9 en compagnie de nos r\u00e9sidents f\u00e9lins. Un acompte par personne est demand\u00e9 \u00e0 la r\u00e9servation afin de vous garantir une table\u2026","rel":"","context":"Article similaire","block_context":{"text":"Article similaire","link":""},"img":{"alt_text":"","src":"https:\/\/i0.wp.com\/legentlecat.fr\/shop\/wp-content\/uploads\/2025\/12\/pdt-brunch26-1.jpg?fit=630%2C783&ssl=1&resize=350%2C200","width":350,"height":200,"srcset":"https:\/\/i0.wp.com\/legentlecat.fr\/shop\/wp-content\/uploads\/2025\/12\/pdt-brunch26-1.jpg?fit=630%2C783&ssl=1&resize=350%2C200 1x, https:\/\/i0.wp.com\/legentlecat.fr\/shop\/wp-content\/uploads\/2025\/12\/pdt-brunch26-1.jpg?fit=630%2C783&ssl=1&resize=525%2C300 1.5x"},"classes":[]},{"id":13776,"url":"https:\/\/legentlecat.fr\/shop\/index.php\/produit\/brunch-07-juin-2026\/","url_meta":{"origin":8556,"position":4},"title":"Brunch 07 juin 2026","author":"Jimmy RIOT","date":"1 mai 2026","format":false,"excerpt":"Un brunch qui nous ressemble : original, g\u00e9n\u00e9reux, p\u00e2tissier. Vous le composez librement, en 5 temps, autour d\u2019une cr\u00e9ation au four (toast p\u00e2tissier) parmi 3 choix. Un moment privil\u00e9gi\u00e9 en compagnie de nos r\u00e9sidents f\u00e9lins. Un acompte par personne est demand\u00e9 \u00e0 la r\u00e9servation afin de vous garantir une table\u2026","rel":"","context":"Article similaire","block_context":{"text":"Article similaire","link":""},"img":{"alt_text":"","src":"https:\/\/i0.wp.com\/legentlecat.fr\/shop\/wp-content\/uploads\/2025\/12\/pdt-brunch26-1.jpg?fit=630%2C783&ssl=1&resize=350%2C200","width":350,"height":200,"srcset":"https:\/\/i0.wp.com\/legentlecat.fr\/shop\/wp-content\/uploads\/2025\/12\/pdt-brunch26-1.jpg?fit=630%2C783&ssl=1&resize=350%2C200 1x, https:\/\/i0.wp.com\/legentlecat.fr\/shop\/wp-content\/uploads\/2025\/12\/pdt-brunch26-1.jpg?fit=630%2C783&ssl=1&resize=525%2C300 1.5x"},"classes":[]},{"id":13506,"url":"https:\/\/legentlecat.fr\/shop\/index.php\/produit\/brunch-17-mai-2026\/","url_meta":{"origin":8556,"position":5},"title":"Brunch 17 mai 2026","author":"Jimmy RIOT","date":"18 f\u00e9vrier 2026","format":false,"excerpt":"Un brunch qui nous ressemble : original, g\u00e9n\u00e9reux, p\u00e2tissier. Vous le composez librement, en 5 temps, autour d\u2019une cr\u00e9ation au four (toast p\u00e2tissier) parmi 3 choix. Un moment privil\u00e9gi\u00e9 en compagnie de nos r\u00e9sidents f\u00e9lins. Un acompte par personne est demand\u00e9 \u00e0 la r\u00e9servation afin de vous garantir une table\u2026","rel":"","context":"Article similaire","block_context":{"text":"Article similaire","link":""},"img":{"alt_text":"","src":"https:\/\/i0.wp.com\/legentlecat.fr\/shop\/wp-content\/uploads\/2025\/12\/pdt-brunch26-1.jpg?fit=630%2C783&ssl=1&resize=350%2C200","width":350,"height":200,"srcset":"https:\/\/i0.wp.com\/legentlecat.fr\/shop\/wp-content\/uploads\/2025\/12\/pdt-brunch26-1.jpg?fit=630%2C783&ssl=1&resize=350%2C200 1x, https:\/\/i0.wp.com\/legentlecat.fr\/shop\/wp-content\/uploads\/2025\/12\/pdt-brunch26-1.jpg?fit=630%2C783&ssl=1&resize=525%2C300 1.5x"},"classes":[]}],"_links":{"self":[{"href":"https:\/\/legentlecat.fr\/shop\/index.php\/wp-json\/wp\/v2\/product\/8556","targetHints":{"allow":["GET"]}}],"collection":[{"href":"https:\/\/legentlecat.fr\/shop\/index.php\/wp-json\/wp\/v2\/product"}],"about":[{"href":"https:\/\/legentlecat.fr\/shop\/index.php\/wp-json\/wp\/v2\/types\/product"}],"wp:featuredmedia":[{"embeddable":true,"href":"https:\/\/legentlecat.fr\/shop\/index.php\/wp-json\/wp\/v2\/media\/13248"}],"wp:attachment":[{"href":"https:\/\/legentlecat.fr\/shop\/index.php\/wp-json\/wp\/v2\/media?parent=8556"}],"wp:term":[{"taxonomy":"product_brand","embeddable":true,"href":"https:\/\/legentlecat.fr\/shop\/index.php\/wp-json\/wp\/v2\/product_brand?post=8556"},{"taxonomy":"product_cat","embeddable":true,"href":"https:\/\/legentlecat.fr\/shop\/index.php\/wp-json\/wp\/v2\/product_cat?post=8556"},{"taxonomy":"product_tag","embeddable":true,"href":"https:\/\/legentlecat.fr\/shop\/index.php\/wp-json\/wp\/v2\/product_tag?post=8556"}],"curies":[{"name":"wp","href":"https:\/\/api.w.org\/{rel}","templated":true}]}}