{"id":2881,"date":"2020-09-24T15:17:49","date_gmt":"2020-09-24T13:17:49","guid":{"rendered":"http:\/\/legentlecat.fr\/shop\/?post_type=product&#038;p=2881"},"modified":"2026-01-15T22:56:49","modified_gmt":"2026-01-15T21:56:49","slug":"tribulations-dun-bar-a-chats-roman","status":"publish","type":"product","link":"https:\/\/legentlecat.fr\/shop\/index.php\/produit\/tribulations-dun-bar-a-chats-roman\/","title":{"rendered":"Tribulations d&rsquo;un Bar \u00e0 Chats &#8211; Roman"},"content":{"rendered":"<div class=\"wpb-content-wrapper\"><p>[vc_row][vc_column][vc_column_text]<\/p>\n<p style=\"text-align: justify;\">Dans ce roman \u00e0 para\u00eetre le 15 octobre 2020, Jimmy James livre <strong>les r\u00e9flexions de trois r\u00e9sidentes d\u2019un bar \u00e0 chats lyonnais<\/strong> pendant les cinq premi\u00e8res ann\u00e9es d\u2019existence de l\u2019\u00e9tablissement. Il focalise avec <strong>affection<\/strong>, <strong>ironie<\/strong> ou <strong>sarcasme<\/strong> sur les habitu\u00e9s du lieu, la vie en vase clos, le confinement et l\u2019actualit\u00e9 au travers du prisme de la pens\u00e9e f\u00e9line, <strong>\u00e9grainant r\u00e9f\u00e9rences et clins d\u2019\u0153il<\/strong>.<\/p>\n<p style=\"text-align: justify;\">Sous <strong>trois plumes au style bien diff\u00e9rent<\/strong>, il r\u00e9dige \u00e0 la fois un cri d\u2019amour \u00e0 ses nombreux v\u00adisiteurs mais aussi un \u00ab\u00a0au secours\u00a0\u00bb poignant quand vient l\u2019arr\u00eat\u00e9 du 15 mars 2020 et l\u2019interdiction de recevoir du public dans son salon de th\u00e9. Son personnage d\u2019ancien professeur de lettres devenu g\u00e9rant de bar \u00e0 chats est <strong>mis en sc\u00e8ne sans complaisance et avec beaucoup d\u2019autod\u00e9rision<\/strong>.<\/p>\n<h1 style=\"text-align: center;\"><span style=\"color: #146169;\"><strong>Le r\u00e9sum\u00e9<\/strong><\/span><\/h1>\n<p>Le <em>GentleCat<\/em> est un bar \u00e0 chats lyonnais o\u00f9 s\u2019\u00e9panouissent dix petites boules de poils apparemment sans histoires. D\u00e9couvrez les secrets les mieux gard\u00e9s de ce lieu qui fascine, parfois, qui intrigue, toujours.<\/p>\n<p style=\"text-align: justify;\"><strong>Jeanne, la Persane au c\u0153ur d\u2019artichaut<\/strong>, r\u00e9dige son carnet de bal, listant un \u00e0 un les cavaliers qui ont de leurs pas rythm\u00e9 la piste de danse.\u00a0<strong>Nicole, l\u2019Exotic Shorthair caustique<\/strong>, revient, entre autres, sur sa candidature \u00e0 la pr\u00e9sidentielle de 2017, offrant un v\u00e9ritable pamphlet sur l\u2019humanit\u00e9\u00a0: g\u00e9rants, clients, employ\u00e9s\u2026\u00a0<strong>Louise, la Chartreuse en addiction alimentaire<\/strong>, se concentre sur le journal de bord d\u2019une enqu\u00eate polici\u00e8re farfelue, encha\u00eenant les clich\u00e9s du genre avec humour et d\u00e9rision.<\/p>\n<h1 style=\"text-align: center;\"><span style=\"color: #146169;\"><strong>L\u2019auteur<\/strong><\/span><\/h1>\n<p style=\"text-align: justify;\"><strong>Professeur<\/strong> de culture g\u00e9n\u00e9rale en grandes \u00e9coles, Jimmy James fait sa crise de la trentaine en 2015\u00a0: il change tous ses plans de vie et d\u00e9cide d\u2019<strong>ouvrir son bar \u00e0 chats<\/strong> au centre-ville de Lyon. Il signe ici son premier roman, le premier tome d\u2019une saga en trois volets.<\/p>\n<p style=\"text-align: justify;\">Jimmy James est n\u00e9 en 1984 \u00e0 Metz. \u00c9lev\u00e9 par sa m\u00e8re et sa grand-m\u00e8re, il a fait ses \u00e9tudes de lettres \u00e0 Lyon avant de devenir enseignant postbac. Il coule des jours heureux \u00e0 Lyon avec ses chats, son lapin et son merveilleux mari.<\/p>\n<p style=\"text-align: center;\"><span style=\"color: #ffffff;\">.<\/span><\/p>\n<p>[\/vc_column_text][\/vc_column][\/vc_row]<\/p>\n<\/div>","protected":false},"excerpt":{"rendered":"<p style=\"text-align: justify;\">Sous trois plumes au style bien diff\u00e9rent, Jimmy James signe ici son premier roman. C&rsquo;est \u00e0 la fois un cri d\u2019amour aux nombreux visiteurs du GentleCat mais aussi un \u00ab au secours \u00bb poignant quand vient l\u2019arr\u00eat\u00e9 du 15 mars 2020 et l\u2019interdiction de recevoir du public. Jeanne la Persane au c\u0153ur d&rsquo;artichaut, Nicole l&rsquo;Exotic caustique et Louise la Chartreuse en addiction alimentaire livrent dans ce roman les 5 premi\u00e8res ann\u00e9es de vie d&rsquo;un \u00e9tablissement qui fascine, parfois, qui intrigue, toujours : le GentleCat.<\/p>\n<p>Les premi\u00e8res pages sont offertes : <strong><span style=\"color: #ff0000;\"><a style=\"color: #ff0000;\" href=\"http:\/\/legentlecat.fr\/shop\/wp-content\/uploads\/2020\/11\/Roman-Tribulations-dun-bar-a-chats-premieres-pages-Jimmy-James.pdf\">lisez-les vite en cliquant ici !<\/a><\/span><\/strong><\/p>\n<p style=\"text-align: justify;\"><strong>Date de parution :<\/strong> le 15 octobre 2020<br \/>\n<strong>Nombre de pages :<\/strong> 300 pages A5<br \/>\n<strong>Illustration :<\/strong> @amant_amer<\/p>\n<p style=\"text-align: justify;\">Retrouvez le r\u00e9sum\u00e9 du livre et la pr\u00e9sentation de l&rsquo;auteur dans la description compl\u00e8te disponible ci-dessous.<\/p>\n","protected":false},"featured_media":2876,"template":"","meta":{"jetpack_publicize_message":"","jetpack_publicize_feature_enabled":true,"jetpack_social_post_already_shared":true,"jetpack_social_options":{"image_generator_settings":{"template":"highway","default_image_id":0,"font":"","enabled":false},"version":2}},"product_brand":[],"product_cat":[206],"product_tag":[208],"class_list":{"0":"post-2881","1":"product","2":"type-product","3":"status-publish","4":"has-post-thumbnail","6":"product_cat-roman","7":"product_tag-roman","9":"first","10":"instock","11":"taxable","12":"shipping-taxable","13":"purchasable","14":"product-type-simple"},"yoast_head":"<!-- This site is optimized with the Yoast SEO plugin v27.5 - https:\/\/yoast.com\/product\/yoast-seo-wordpress\/ -->\n<title>Tribulations d&#039;un Bar \u00e0 Chats - Roman - Le GentleCat - Teashop<\/title>\n<meta name=\"robots\" content=\"index, follow, max-snippet:-1, max-image-preview:large, max-video-preview:-1\" \/>\n<link rel=\"canonical\" href=\"https:\/\/legentlecat.fr\/shop\/index.php\/produit\/tribulations-dun-bar-a-chats-roman\/\" \/>\n<meta property=\"og:locale\" content=\"fr_FR\" \/>\n<meta property=\"og:type\" content=\"article\" \/>\n<meta property=\"og:title\" content=\"Tribulations d&#039;un Bar \u00e0 Chats - Roman - Le GentleCat - Teashop\" \/>\n<meta property=\"og:description\" content=\"Sous trois plumes au style bien diff\u00e9rent, Jimmy James signe ici son premier roman. C&#039;est \u00e0 la fois un cri d\u2019amour aux nombreux visiteurs du GentleCat mais aussi un \u00ab au secours \u00bb poignant quand vient l\u2019arr\u00eat\u00e9 du 15 mars 2020 et l\u2019interdiction de recevoir du public. Jeanne la Persane au c\u0153ur d&#039;artichaut, Nicole l&#039;Exotic caustique et Louise la Chartreuse en addiction alimentaire livrent dans ce roman les 5 premi\u00e8res ann\u00e9es de vie d&#039;un \u00e9tablissement qui fascine, parfois, qui intrigue, toujours : le GentleCat. Les premi\u00e8res pages sont offertes : lisez-les vite en cliquant ici ! Date de parution : le 15 octobre 2020 Nombre de pages : 300 pages A5 Illustration : @amant_amer Retrouvez le r\u00e9sum\u00e9 du livre et la pr\u00e9sentation de l&#039;auteur dans la description compl\u00e8te disponible ci-dessous.\" \/>\n<meta property=\"og:url\" content=\"https:\/\/legentlecat.fr\/shop\/index.php\/produit\/tribulations-dun-bar-a-chats-roman\/\" \/>\n<meta property=\"og:site_name\" content=\"Le GentleCat - Teashop\" \/>\n<meta property=\"article:modified_time\" content=\"2026-01-15T21:56:49+00:00\" \/>\n<meta property=\"og:image\" content=\"https:\/\/legentlecat.fr\/shop\/wp-content\/uploads\/2020\/09\/vignette-fb2.jpg\" \/>\n\t<meta property=\"og:image:width\" content=\"1200\" \/>\n\t<meta property=\"og:image:height\" content=\"628\" \/>\n\t<meta property=\"og:image:type\" content=\"image\/jpeg\" \/>\n<meta name=\"twitter:card\" content=\"summary_large_image\" \/>\n<meta name=\"twitter:label1\" content=\"Dur\u00e9e de lecture estim\u00e9e\" \/>\n\t<meta name=\"twitter:data1\" content=\"2 minutes\" \/>\n<script type=\"application\/ld+json\" class=\"yoast-schema-graph\">{\"@context\":\"https:\\\/\\\/schema.org\",\"@graph\":[{\"@type\":\"WebPage\",\"@id\":\"https:\\\/\\\/legentlecat.fr\\\/shop\\\/index.php\\\/produit\\\/tribulations-dun-bar-a-chats-roman\\\/\",\"url\":\"https:\\\/\\\/legentlecat.fr\\\/shop\\\/index.php\\\/produit\\\/tribulations-dun-bar-a-chats-roman\\\/\",\"name\":\"Tribulations d'un Bar \u00e0 Chats - Roman - Le GentleCat - Teashop\",\"isPartOf\":{\"@id\":\"https:\\\/\\\/legentlecat.fr\\\/shop\\\/#website\"},\"primaryImageOfPage\":{\"@id\":\"https:\\\/\\\/legentlecat.fr\\\/shop\\\/index.php\\\/produit\\\/tribulations-dun-bar-a-chats-roman\\\/#primaryimage\"},\"image\":{\"@id\":\"https:\\\/\\\/legentlecat.fr\\\/shop\\\/index.php\\\/produit\\\/tribulations-dun-bar-a-chats-roman\\\/#primaryimage\"},\"thumbnailUrl\":\"https:\\\/\\\/i0.wp.com\\\/legentlecat.fr\\\/shop\\\/wp-content\\\/uploads\\\/2020\\\/09\\\/R-OK-Situation.jpg?fit=902%2C1122&ssl=1\",\"datePublished\":\"2020-09-24T13:17:49+00:00\",\"dateModified\":\"2026-01-15T21:56:49+00:00\",\"breadcrumb\":{\"@id\":\"https:\\\/\\\/legentlecat.fr\\\/shop\\\/index.php\\\/produit\\\/tribulations-dun-bar-a-chats-roman\\\/#breadcrumb\"},\"inLanguage\":\"fr-FR\",\"potentialAction\":[{\"@type\":\"ReadAction\",\"target\":[\"https:\\\/\\\/legentlecat.fr\\\/shop\\\/index.php\\\/produit\\\/tribulations-dun-bar-a-chats-roman\\\/\"]}]},{\"@type\":\"ImageObject\",\"inLanguage\":\"fr-FR\",\"@id\":\"https:\\\/\\\/legentlecat.fr\\\/shop\\\/index.php\\\/produit\\\/tribulations-dun-bar-a-chats-roman\\\/#primaryimage\",\"url\":\"https:\\\/\\\/i0.wp.com\\\/legentlecat.fr\\\/shop\\\/wp-content\\\/uploads\\\/2020\\\/09\\\/R-OK-Situation.jpg?fit=902%2C1122&ssl=1\",\"contentUrl\":\"https:\\\/\\\/i0.wp.com\\\/legentlecat.fr\\\/shop\\\/wp-content\\\/uploads\\\/2020\\\/09\\\/R-OK-Situation.jpg?fit=902%2C1122&ssl=1\",\"width\":902,\"height\":1122},{\"@type\":\"BreadcrumbList\",\"@id\":\"https:\\\/\\\/legentlecat.fr\\\/shop\\\/index.php\\\/produit\\\/tribulations-dun-bar-a-chats-roman\\\/#breadcrumb\",\"itemListElement\":[{\"@type\":\"ListItem\",\"position\":1,\"name\":\"Accueil\",\"item\":\"https:\\\/\\\/legentlecat.fr\\\/shop\\\/\"},{\"@type\":\"ListItem\",\"position\":2,\"name\":\"Shop\",\"item\":\"https:\\\/\\\/legentlecat.fr\\\/shop\\\/index.php\\\/shop\\\/\"},{\"@type\":\"ListItem\",\"position\":3,\"name\":\"Tribulations d&rsquo;un Bar \u00e0 Chats &#8211; Roman\"}]},{\"@type\":\"WebSite\",\"@id\":\"https:\\\/\\\/legentlecat.fr\\\/shop\\\/#website\",\"url\":\"https:\\\/\\\/legentlecat.fr\\\/shop\\\/\",\"name\":\"Le GentleCat - Teashop\",\"description\":\"La boutique de th\u00e9 en ligne\",\"potentialAction\":[{\"@type\":\"SearchAction\",\"target\":{\"@type\":\"EntryPoint\",\"urlTemplate\":\"https:\\\/\\\/legentlecat.fr\\\/shop\\\/?s={search_term_string}\"},\"query-input\":{\"@type\":\"PropertyValueSpecification\",\"valueRequired\":true,\"valueName\":\"search_term_string\"}}],\"inLanguage\":\"fr-FR\"}]}<\/script>\n<!-- \/ Yoast SEO plugin. -->","yoast_head_json":{"title":"Tribulations d'un Bar \u00e0 Chats - Roman - Le GentleCat - Teashop","robots":{"index":"index","follow":"follow","max-snippet":"max-snippet:-1","max-image-preview":"max-image-preview:large","max-video-preview":"max-video-preview:-1"},"canonical":"https:\/\/legentlecat.fr\/shop\/index.php\/produit\/tribulations-dun-bar-a-chats-roman\/","og_locale":"fr_FR","og_type":"article","og_title":"Tribulations d'un Bar \u00e0 Chats - Roman - Le GentleCat - Teashop","og_description":"Sous trois plumes au style bien diff\u00e9rent, Jimmy James signe ici son premier roman. C'est \u00e0 la fois un cri d\u2019amour aux nombreux visiteurs du GentleCat mais aussi un \u00ab au secours \u00bb poignant quand vient l\u2019arr\u00eat\u00e9 du 15 mars 2020 et l\u2019interdiction de recevoir du public. Jeanne la Persane au c\u0153ur d'artichaut, Nicole l'Exotic caustique et Louise la Chartreuse en addiction alimentaire livrent dans ce roman les 5 premi\u00e8res ann\u00e9es de vie d'un \u00e9tablissement qui fascine, parfois, qui intrigue, toujours : le GentleCat. Les premi\u00e8res pages sont offertes : lisez-les vite en cliquant ici ! Date de parution : le 15 octobre 2020 Nombre de pages : 300 pages A5 Illustration : @amant_amer Retrouvez le r\u00e9sum\u00e9 du livre et la pr\u00e9sentation de l'auteur dans la description compl\u00e8te disponible ci-dessous.","og_url":"https:\/\/legentlecat.fr\/shop\/index.php\/produit\/tribulations-dun-bar-a-chats-roman\/","og_site_name":"Le GentleCat - Teashop","article_modified_time":"2026-01-15T21:56:49+00:00","og_image":[{"width":1200,"height":628,"url":"https:\/\/legentlecat.fr\/shop\/wp-content\/uploads\/2020\/09\/vignette-fb2.jpg","type":"image\/jpeg"}],"twitter_card":"summary_large_image","twitter_misc":{"Dur\u00e9e de lecture estim\u00e9e":"2 minutes"},"schema":{"@context":"https:\/\/schema.org","@graph":[{"@type":"WebPage","@id":"https:\/\/legentlecat.fr\/shop\/index.php\/produit\/tribulations-dun-bar-a-chats-roman\/","url":"https:\/\/legentlecat.fr\/shop\/index.php\/produit\/tribulations-dun-bar-a-chats-roman\/","name":"Tribulations d'un Bar \u00e0 Chats - Roman - Le GentleCat - Teashop","isPartOf":{"@id":"https:\/\/legentlecat.fr\/shop\/#website"},"primaryImageOfPage":{"@id":"https:\/\/legentlecat.fr\/shop\/index.php\/produit\/tribulations-dun-bar-a-chats-roman\/#primaryimage"},"image":{"@id":"https:\/\/legentlecat.fr\/shop\/index.php\/produit\/tribulations-dun-bar-a-chats-roman\/#primaryimage"},"thumbnailUrl":"https:\/\/i0.wp.com\/legentlecat.fr\/shop\/wp-content\/uploads\/2020\/09\/R-OK-Situation.jpg?fit=902%2C1122&ssl=1","datePublished":"2020-09-24T13:17:49+00:00","dateModified":"2026-01-15T21:56:49+00:00","breadcrumb":{"@id":"https:\/\/legentlecat.fr\/shop\/index.php\/produit\/tribulations-dun-bar-a-chats-roman\/#breadcrumb"},"inLanguage":"fr-FR","potentialAction":[{"@type":"ReadAction","target":["https:\/\/legentlecat.fr\/shop\/index.php\/produit\/tribulations-dun-bar-a-chats-roman\/"]}]},{"@type":"ImageObject","inLanguage":"fr-FR","@id":"https:\/\/legentlecat.fr\/shop\/index.php\/produit\/tribulations-dun-bar-a-chats-roman\/#primaryimage","url":"https:\/\/i0.wp.com\/legentlecat.fr\/shop\/wp-content\/uploads\/2020\/09\/R-OK-Situation.jpg?fit=902%2C1122&ssl=1","contentUrl":"https:\/\/i0.wp.com\/legentlecat.fr\/shop\/wp-content\/uploads\/2020\/09\/R-OK-Situation.jpg?fit=902%2C1122&ssl=1","width":902,"height":1122},{"@type":"BreadcrumbList","@id":"https:\/\/legentlecat.fr\/shop\/index.php\/produit\/tribulations-dun-bar-a-chats-roman\/#breadcrumb","itemListElement":[{"@type":"ListItem","position":1,"name":"Accueil","item":"https:\/\/legentlecat.fr\/shop\/"},{"@type":"ListItem","position":2,"name":"Shop","item":"https:\/\/legentlecat.fr\/shop\/index.php\/shop\/"},{"@type":"ListItem","position":3,"name":"Tribulations d&rsquo;un Bar \u00e0 Chats &#8211; Roman"}]},{"@type":"WebSite","@id":"https:\/\/legentlecat.fr\/shop\/#website","url":"https:\/\/legentlecat.fr\/shop\/","name":"Le GentleCat - Teashop","description":"La boutique de th\u00e9 en ligne","potentialAction":[{"@type":"SearchAction","target":{"@type":"EntryPoint","urlTemplate":"https:\/\/legentlecat.fr\/shop\/?s={search_term_string}"},"query-input":{"@type":"PropertyValueSpecification","valueRequired":true,"valueName":"search_term_string"}}],"inLanguage":"fr-FR"}]}},"jetpack_publicize_connections":[],"jetpack_sharing_enabled":true,"jetpack-related-posts":[{"id":8556,"url":"https:\/\/legentlecat.fr\/shop\/index.php\/produit\/calendrier-2026\/","url_meta":{"origin":2881,"position":0},"title":"Calendrier 2026","author":"Jimmy RIOT","date":"25 d\u00e9cembre 2025","format":false,"excerpt":"Il arrive presque trop tard. Et pourtant, il devait exister. Ce calendrier, ce sont les chats du GentleCat, ceux que vous connaissez, que vous avez crois\u00e9s, caress\u00e9s, aim\u00e9s. Un dernier hommage, une ann\u00e9e encore avec cette tribu de 11 r\u00e9sidents, cette petite famille \u2014 pour celles et ceux qui ont\u2026","rel":"","context":"Article similaire","block_context":{"text":"Article similaire","link":""},"img":{"alt_text":"","src":"https:\/\/i0.wp.com\/legentlecat.fr\/shop\/wp-content\/uploads\/2025\/12\/primebis.jpg?fit=630%2C783&ssl=1&resize=350%2C200","width":350,"height":200,"srcset":"https:\/\/i0.wp.com\/legentlecat.fr\/shop\/wp-content\/uploads\/2025\/12\/primebis.jpg?fit=630%2C783&ssl=1&resize=350%2C200 1x, https:\/\/i0.wp.com\/legentlecat.fr\/shop\/wp-content\/uploads\/2025\/12\/primebis.jpg?fit=630%2C783&ssl=1&resize=525%2C300 1.5x"},"classes":[]},{"id":8770,"url":"https:\/\/legentlecat.fr\/shop\/index.php\/produit\/tote-bag-le-gentlecat\/","url_meta":{"origin":2881,"position":1},"title":"Tote Bag Le GentleCat","author":"Jimmy RIOT","date":"18 novembre 2023","format":false,"excerpt":"A la recherche d'un sac discret pour embarquer un de nos chats en toute discr\u00e9tion lors de votre prochaine visite au GentleCat ? On a ce qu'il vous faut, et mieux encore, on a m\u00eame le choix du mod\u00e8le, le tout aux couleurs de notre \u00e9tablissement : noir, jaune ou\u2026","rel":"","context":"Article similaire","block_context":{"text":"Article similaire","link":""},"img":{"alt_text":"","src":"https:\/\/i0.wp.com\/legentlecat.fr\/shop\/wp-content\/uploads\/2023\/11\/ToteBagBlanc.jpg?fit=750%2C800&ssl=1&resize=350%2C200","width":350,"height":200,"srcset":"https:\/\/i0.wp.com\/legentlecat.fr\/shop\/wp-content\/uploads\/2023\/11\/ToteBagBlanc.jpg?fit=750%2C800&ssl=1&resize=350%2C200 1x, https:\/\/i0.wp.com\/legentlecat.fr\/shop\/wp-content\/uploads\/2023\/11\/ToteBagBlanc.jpg?fit=750%2C800&ssl=1&resize=525%2C300 1.5x, https:\/\/i0.wp.com\/legentlecat.fr\/shop\/wp-content\/uploads\/2023\/11\/ToteBagBlanc.jpg?fit=750%2C800&ssl=1&resize=700%2C400 2x"},"classes":[]},{"id":8835,"url":"https:\/\/legentlecat.fr\/shop\/index.php\/produit\/carte-cadeau-miaou\/","url_meta":{"origin":2881,"position":2},"title":"Carte Cadeau \u00ab\u00a0Miaou\u00a0\u00bb","author":"Jimmy RIOT","date":"28 novembre 2023","format":false,"excerpt":"Les restaurants, les spas, les instituts, les h\u00f4tels... Ils vous vendent tous la m\u00eame promesse : un \u201cmoment de douceur\u201d. Ici aussi, vous offrez un moment de douceur, oui, ON SAIT : go\u00fbter, brunch, d\u00eener, toujours en duo\u2026 MAIS avec du ronron, de la gourmandise, et du poil autour. Et\u2026","rel":"","context":"Article similaire","block_context":{"text":"Article similaire","link":""},"img":{"alt_text":"","src":"https:\/\/i0.wp.com\/legentlecat.fr\/shop\/wp-content\/uploads\/2023\/11\/CarteCadeauBarChatLyonGentleCat2.jpg?fit=750%2C800&ssl=1&resize=350%2C200","width":350,"height":200,"srcset":"https:\/\/i0.wp.com\/legentlecat.fr\/shop\/wp-content\/uploads\/2023\/11\/CarteCadeauBarChatLyonGentleCat2.jpg?fit=750%2C800&ssl=1&resize=350%2C200 1x, https:\/\/i0.wp.com\/legentlecat.fr\/shop\/wp-content\/uploads\/2023\/11\/CarteCadeauBarChatLyonGentleCat2.jpg?fit=750%2C800&ssl=1&resize=525%2C300 1.5x, https:\/\/i0.wp.com\/legentlecat.fr\/shop\/wp-content\/uploads\/2023\/11\/CarteCadeauBarChatLyonGentleCat2.jpg?fit=750%2C800&ssl=1&resize=700%2C400 2x"},"classes":[]},{"id":13791,"url":"https:\/\/legentlecat.fr\/shop\/index.php\/produit\/brunch-28-juin-2026\/","url_meta":{"origin":2881,"position":3},"title":"Brunch 28 juin 2026","author":"Jimmy RIOT","date":"1 mai 2026","format":false,"excerpt":"Un brunch qui nous ressemble : original, g\u00e9n\u00e9reux, p\u00e2tissier. Vous le composez librement, en 5 temps, autour d\u2019une cr\u00e9ation au four (toast p\u00e2tissier) parmi 3 choix. Un moment privil\u00e9gi\u00e9 en compagnie de nos r\u00e9sidents f\u00e9lins. Un acompte par personne est demand\u00e9 \u00e0 la r\u00e9servation afin de vous garantir une table\u2026","rel":"","context":"Article similaire","block_context":{"text":"Article similaire","link":""},"img":{"alt_text":"","src":"https:\/\/i0.wp.com\/legentlecat.fr\/shop\/wp-content\/uploads\/2025\/12\/pdt-brunch26-1.jpg?fit=630%2C783&ssl=1&resize=350%2C200","width":350,"height":200,"srcset":"https:\/\/i0.wp.com\/legentlecat.fr\/shop\/wp-content\/uploads\/2025\/12\/pdt-brunch26-1.jpg?fit=630%2C783&ssl=1&resize=350%2C200 1x, https:\/\/i0.wp.com\/legentlecat.fr\/shop\/wp-content\/uploads\/2025\/12\/pdt-brunch26-1.jpg?fit=630%2C783&ssl=1&resize=525%2C300 1.5x"},"classes":[]},{"id":13796,"url":"https:\/\/legentlecat.fr\/shop\/index.php\/produit\/brunch-05-juil-2026\/","url_meta":{"origin":2881,"position":4},"title":"Brunch 05 juil. 2026","author":"Jimmy RIOT","date":"1 mai 2026","format":false,"excerpt":"Un brunch qui nous ressemble : original, g\u00e9n\u00e9reux, p\u00e2tissier. Vous le composez librement, en 5 temps, autour d\u2019une cr\u00e9ation au four (toast p\u00e2tissier) parmi 3 choix. Un moment privil\u00e9gi\u00e9 en compagnie de nos r\u00e9sidents f\u00e9lins. Un acompte par personne est demand\u00e9 \u00e0 la r\u00e9servation afin de vous garantir une table\u2026","rel":"","context":"Article similaire","block_context":{"text":"Article similaire","link":""},"img":{"alt_text":"","src":"https:\/\/i0.wp.com\/legentlecat.fr\/shop\/wp-content\/uploads\/2025\/12\/pdt-brunch26-1.jpg?fit=630%2C783&ssl=1&resize=350%2C200","width":350,"height":200,"srcset":"https:\/\/i0.wp.com\/legentlecat.fr\/shop\/wp-content\/uploads\/2025\/12\/pdt-brunch26-1.jpg?fit=630%2C783&ssl=1&resize=350%2C200 1x, https:\/\/i0.wp.com\/legentlecat.fr\/shop\/wp-content\/uploads\/2025\/12\/pdt-brunch26-1.jpg?fit=630%2C783&ssl=1&resize=525%2C300 1.5x"},"classes":[]},{"id":13776,"url":"https:\/\/legentlecat.fr\/shop\/index.php\/produit\/brunch-07-juin-2026\/","url_meta":{"origin":2881,"position":5},"title":"Brunch 07 juin 2026","author":"Jimmy RIOT","date":"1 mai 2026","format":false,"excerpt":"Un brunch qui nous ressemble : original, g\u00e9n\u00e9reux, p\u00e2tissier. Vous le composez librement, en 5 temps, autour d\u2019une cr\u00e9ation au four (toast p\u00e2tissier) parmi 3 choix. Un moment privil\u00e9gi\u00e9 en compagnie de nos r\u00e9sidents f\u00e9lins. Un acompte par personne est demand\u00e9 \u00e0 la r\u00e9servation afin de vous garantir une table\u2026","rel":"","context":"Article similaire","block_context":{"text":"Article similaire","link":""},"img":{"alt_text":"","src":"https:\/\/i0.wp.com\/legentlecat.fr\/shop\/wp-content\/uploads\/2025\/12\/pdt-brunch26-1.jpg?fit=630%2C783&ssl=1&resize=350%2C200","width":350,"height":200,"srcset":"https:\/\/i0.wp.com\/legentlecat.fr\/shop\/wp-content\/uploads\/2025\/12\/pdt-brunch26-1.jpg?fit=630%2C783&ssl=1&resize=350%2C200 1x, https:\/\/i0.wp.com\/legentlecat.fr\/shop\/wp-content\/uploads\/2025\/12\/pdt-brunch26-1.jpg?fit=630%2C783&ssl=1&resize=525%2C300 1.5x"},"classes":[]}],"_links":{"self":[{"href":"https:\/\/legentlecat.fr\/shop\/index.php\/wp-json\/wp\/v2\/product\/2881","targetHints":{"allow":["GET"]}}],"collection":[{"href":"https:\/\/legentlecat.fr\/shop\/index.php\/wp-json\/wp\/v2\/product"}],"about":[{"href":"https:\/\/legentlecat.fr\/shop\/index.php\/wp-json\/wp\/v2\/types\/product"}],"wp:featuredmedia":[{"embeddable":true,"href":"https:\/\/legentlecat.fr\/shop\/index.php\/wp-json\/wp\/v2\/media\/2876"}],"wp:attachment":[{"href":"https:\/\/legentlecat.fr\/shop\/index.php\/wp-json\/wp\/v2\/media?parent=2881"}],"wp:term":[{"taxonomy":"product_brand","embeddable":true,"href":"https:\/\/legentlecat.fr\/shop\/index.php\/wp-json\/wp\/v2\/product_brand?post=2881"},{"taxonomy":"product_cat","embeddable":true,"href":"https:\/\/legentlecat.fr\/shop\/index.php\/wp-json\/wp\/v2\/product_cat?post=2881"},{"taxonomy":"product_tag","embeddable":true,"href":"https:\/\/legentlecat.fr\/shop\/index.php\/wp-json\/wp\/v2\/product_tag?post=2881"}],"curies":[{"name":"wp","href":"https:\/\/api.w.org\/{rel}","templated":true}]}}